{"id":1435,"date":"2020-10-06T18:26:45","date_gmt":"2020-10-06T16:26:45","guid":{"rendered":"http:\/\/assphilateliquelilloise.fr\/?page_id=1435"},"modified":"2022-03-23T08:37:44","modified_gmt":"2022-03-23T07:37:44","slug":"hommage-au-general-de-gaulle","status":"publish","type":"page","link":"https:\/\/assphilateliquelilloise.fr\/index.php\/hommage-au-general-de-gaulle\/","title":{"rendered":"Hommage au G\u00e9n\u00e9ral de Gaulle"},"content":{"rendered":"\t\t<div data-elementor-type=\"wp-post\" data-elementor-id=\"1435\" class=\"elementor elementor-1435\">\n\t\t\t\t\t\t<section class=\"elementor-section elementor-top-section elementor-element elementor-element-ff184a2 elementor-section-boxed elementor-section-height-default elementor-section-height-default\" data-id=\"ff184a2\" data-element_type=\"section\" data-e-type=\"section\">\n\t\t\t\t\t\t<div class=\"elementor-container elementor-column-gap-default\">\n\t\t\t\t\t<div class=\"elementor-column elementor-col-100 elementor-top-column elementor-element elementor-element-123aafc\" data-id=\"123aafc\" data-element_type=\"column\" data-e-type=\"column\">\n\t\t\t<div class=\"elementor-widget-wrap elementor-element-populated\">\n\t\t\t\t\t\t<div class=\"elementor-element elementor-element-53f2937 elementor-widget elementor-widget-heading\" data-id=\"53f2937\" data-element_type=\"widget\" data-e-type=\"widget\" data-widget_type=\"heading.default\">\n\t\t\t\t<div class=\"elementor-widget-container\">\n\t\t\t\t\t<h2 class=\"elementor-heading-title elementor-size-default\">Hommage au G\u00e9n\u00e9ral de Gaulle<\/h2>\t\t\t\t<\/div>\n\t\t\t\t<\/div>\n\t\t\t\t<div class=\"elementor-element elementor-element-33e29ff elementor-widget elementor-widget-spacer\" data-id=\"33e29ff\" data-element_type=\"widget\" data-e-type=\"widget\" data-widget_type=\"spacer.default\">\n\t\t\t\t<div class=\"elementor-widget-container\">\n\t\t\t\t\t\t\t<div class=\"elementor-spacer\">\n\t\t\t<div class=\"elementor-spacer-inner\"><\/div>\n\t\t<\/div>\n\t\t\t\t\t\t<\/div>\n\t\t\t\t<\/div>\n\t\t\t\t\t<\/div>\n\t\t<\/div>\n\t\t\t\t\t<\/div>\n\t\t<\/section>\n\t\t\t\t<section class=\"elementor-section elementor-top-section elementor-element elementor-element-c826dc5 elementor-section-boxed elementor-section-height-default elementor-section-height-default\" data-id=\"c826dc5\" data-element_type=\"section\" data-e-type=\"section\">\n\t\t\t\t\t\t<div class=\"elementor-container elementor-column-gap-default\">\n\t\t\t\t\t<div class=\"elementor-column elementor-col-100 elementor-top-column elementor-element elementor-element-5ea9dc4\" data-id=\"5ea9dc4\" data-element_type=\"column\" data-e-type=\"column\">\n\t\t\t<div class=\"elementor-widget-wrap elementor-element-populated\">\n\t\t\t\t\t\t<div class=\"elementor-element elementor-element-c40e20a elementor-widget elementor-widget-text-editor\" data-id=\"c40e20a\" data-element_type=\"widget\" data-e-type=\"widget\" data-widget_type=\"text-editor.default\">\n\t\t\t\t<div class=\"elementor-widget-container\">\n\t\t\t\t\t\t\t\t\t<p><strong>L&rsquo;A.P.L. organise en collaboration avec le D\u00e9partement du Nord, la maison natale du G\u00e9n\u00e9ral de Gaulle et la Poste ( direction r\u00e9gionale et \u00e9tablissement postal de Lille-R\u00e9publique ), le premier jour de l&rsquo;\u00e9mission de deux timbres, ceci dans le cadre de l&rsquo;ann\u00e9e de Gaulle qui comm\u00e9more le 130\u00e8me anniversaire de sa naissance, les 50 ans de sa disparition et le 80\u00e8me anniversaire de l&rsquo;appel du 18 juin 1940.<\/strong><\/p><p><strong>La manifestation aura lieu les jeudi 05 et vendredi 06 novembre 2020 de 9h \u00e0 18h, sans interruption, dans le hall de l&rsquo;H\u00f4tel du D\u00e9partement, 41 rue Gustave Delory \u00e0 Lille.<\/strong><\/p><p><strong>L&rsquo;A.P.L. proposera des souvenirs philat\u00e9liques et la Poste tiendra un stand.<\/strong><\/p><p><strong>Deux expositions seront \u00e0 admirer : l&rsquo;une philat\u00e9lique, l&rsquo;autre \u00e9manant du D\u00e9partement et de la maison natale.<\/strong><\/p><p><strong>Les mesures de pr\u00e9cautions sanitaires seront appliqu\u00e9es. Le masque est de rigueur.<\/strong><\/p><p><strong>Contacts A.P.L. : Brigitte Vansteendam 06 79 69 16 68 &#8211; Philippe Savary 03 20 95 44 73.<\/strong><\/p><p><strong>Bon de commande \u00e0 t\u00e9l\u00e9charger en cliquant<a href=\"http:\/\/assphilateliquelilloise.fr\/wp-content\/uploads\/2020\/10\/BON-DE-COMMANDE-DE-GAULLE.pdf\" target=\"_blank\" rel=\"noopener\"> ici<\/a><\/strong><\/p>\t\t\t\t\t\t\t\t<\/div>\n\t\t\t\t<\/div>\n\t\t\t\t\t<\/div>\n\t\t<\/div>\n\t\t\t\t\t<\/div>\n\t\t<\/section>\n\t\t\t\t<section class=\"elementor-section elementor-top-section elementor-element elementor-element-afe02d8 elementor-section-boxed elementor-section-height-default elementor-section-height-default\" data-id=\"afe02d8\" data-element_type=\"section\" data-e-type=\"section\">\n\t\t\t\t\t\t<div class=\"elementor-container elementor-column-gap-default\">\n\t\t\t\t\t<div class=\"elementor-column elementor-col-100 elementor-top-column elementor-element elementor-element-b0cfea5\" data-id=\"b0cfea5\" data-element_type=\"column\" data-e-type=\"column\">\n\t\t\t<div class=\"elementor-widget-wrap elementor-element-populated\">\n\t\t\t\t\t\t<div class=\"elementor-element elementor-element-d8617f8 elementor-widget elementor-widget-image\" data-id=\"d8617f8\" data-element_type=\"widget\" data-e-type=\"widget\" data-widget_type=\"image.default\">\n\t\t\t\t<div class=\"elementor-widget-container\">\n\t\t\t\t\t\t\t\t\t\t\t\t\t\t\t<img fetchpriority=\"high\" decoding=\"async\" width=\"768\" height=\"519\" src=\"https:\/\/assphilateliquelilloise.fr\/wp-content\/uploads\/2020\/10\/de-Gaulle-1-768x519.jpg\" class=\"attachment-medium_large size-medium_large wp-image-1434\" alt=\"\" srcset=\"https:\/\/assphilateliquelilloise.fr\/wp-content\/uploads\/2020\/10\/de-Gaulle-1-768x519.jpg 768w, https:\/\/assphilateliquelilloise.fr\/wp-content\/uploads\/2020\/10\/de-Gaulle-1-300x203.jpg 300w, https:\/\/assphilateliquelilloise.fr\/wp-content\/uploads\/2020\/10\/de-Gaulle-1.jpg 945w\" sizes=\"(max-width: 768px) 100vw, 768px\" \/>\t\t\t\t\t\t\t\t\t\t\t\t\t\t\t<\/div>\n\t\t\t\t<\/div>\n\t\t\t\t<div class=\"elementor-element elementor-element-08ab58b elementor-widget elementor-widget-spacer\" data-id=\"08ab58b\" data-element_type=\"widget\" data-e-type=\"widget\" data-widget_type=\"spacer.default\">\n\t\t\t\t<div class=\"elementor-widget-container\">\n\t\t\t\t\t\t\t<div class=\"elementor-spacer\">\n\t\t\t<div class=\"elementor-spacer-inner\"><\/div>\n\t\t<\/div>\n\t\t\t\t\t\t<\/div>\n\t\t\t\t<\/div>\n\t\t\t\t\t<\/div>\n\t\t<\/div>\n\t\t\t\t\t<\/div>\n\t\t<\/section>\n\t\t\t\t<section class=\"elementor-section elementor-top-section elementor-element elementor-element-7810e43 elementor-section-boxed elementor-section-height-default elementor-section-height-default\" data-id=\"7810e43\" data-element_type=\"section\" data-e-type=\"section\">\n\t\t\t\t\t\t<div class=\"elementor-container elementor-column-gap-default\">\n\t\t\t\t\t<div class=\"elementor-column elementor-col-100 elementor-top-column elementor-element elementor-element-e031c55\" data-id=\"e031c55\" data-element_type=\"column\" data-e-type=\"column\">\n\t\t\t<div class=\"elementor-widget-wrap elementor-element-populated\">\n\t\t\t\t\t\t<div class=\"elementor-element elementor-element-c02eb4b elementor-widget elementor-widget-text-editor\" data-id=\"c02eb4b\" data-element_type=\"widget\" data-e-type=\"widget\" data-widget_type=\"text-editor.default\">\n\t\t\t\t<div class=\"elementor-widget-container\">\n\t\t\t\t\t\t\t\t\t<p><strong>P.S. : INFO : L&rsquo;A.P.L. compte organiser une bourse le dimanche 16 mai 2021 aux lieu et horaires habituels si la situation sanitaire nous le permet.<\/strong><\/p><p><strong>Pr\u00e9cisions \u00e0 venir<\/strong><\/p>\t\t\t\t\t\t\t\t<\/div>\n\t\t\t\t<\/div>\n\t\t\t\t\t<\/div>\n\t\t<\/div>\n\t\t\t\t\t<\/div>\n\t\t<\/section>\n\t\t\t\t<section class=\"elementor-section elementor-top-section elementor-element elementor-element-7f3f616 elementor-section-boxed elementor-section-height-default elementor-section-height-default\" data-id=\"7f3f616\" data-element_type=\"section\" data-e-type=\"section\">\n\t\t\t\t\t\t<div class=\"elementor-container elementor-column-gap-default\">\n\t\t\t\t\t<div class=\"elementor-column elementor-col-100 elementor-top-column elementor-element elementor-element-6000322\" data-id=\"6000322\" data-element_type=\"column\" data-e-type=\"column\">\n\t\t\t<div class=\"elementor-widget-wrap elementor-element-populated\">\n\t\t\t\t\t\t<div class=\"elementor-element elementor-element-2bec453 elementor-widget elementor-widget-image\" data-id=\"2bec453\" data-element_type=\"widget\" data-e-type=\"widget\" data-widget_type=\"image.default\">\n\t\t\t\t<div class=\"elementor-widget-container\">\n\t\t\t\t\t\t\t\t\t\t\t\t\t\t\t<img decoding=\"async\" width=\"724\" height=\"1024\" src=\"https:\/\/assphilateliquelilloise.fr\/wp-content\/uploads\/2020\/10\/Bon-de-commande-souvenirs-De-Gaulle-724x1024.jpg\" class=\"attachment-large size-large wp-image-1447\" alt=\"\" srcset=\"https:\/\/assphilateliquelilloise.fr\/wp-content\/uploads\/2020\/10\/Bon-de-commande-souvenirs-De-Gaulle-724x1024.jpg 724w, https:\/\/assphilateliquelilloise.fr\/wp-content\/uploads\/2020\/10\/Bon-de-commande-souvenirs-De-Gaulle-212x300.jpg 212w, https:\/\/assphilateliquelilloise.fr\/wp-content\/uploads\/2020\/10\/Bon-de-commande-souvenirs-De-Gaulle-768x1086.jpg 768w, https:\/\/assphilateliquelilloise.fr\/wp-content\/uploads\/2020\/10\/Bon-de-commande-souvenirs-De-Gaulle-1024x1447.jpg 1024w, https:\/\/assphilateliquelilloise.fr\/wp-content\/uploads\/2020\/10\/Bon-de-commande-souvenirs-De-Gaulle-764x1080.jpg 764w, https:\/\/assphilateliquelilloise.fr\/wp-content\/uploads\/2020\/10\/Bon-de-commande-souvenirs-De-Gaulle.jpg 1654w\" sizes=\"(max-width: 724px) 100vw, 724px\" \/>\t\t\t\t\t\t\t\t\t\t\t\t\t\t\t<\/div>\n\t\t\t\t<\/div>\n\t\t\t\t\t<\/div>\n\t\t<\/div>\n\t\t\t\t\t<\/div>\n\t\t<\/section>\n\t\t\t\t<\/div>\n\t\t","protected":false},"excerpt":{"rendered":"<p>Hommage au G\u00e9n\u00e9ral de Gaulle L&rsquo;A.P.L. organise en collaboration avec le D\u00e9partement du Nord, la maison natale du G\u00e9n\u00e9ral de Gaulle et la Poste ( direction r\u00e9gionale et \u00e9tablissement postal de Lille-R\u00e9publique ), le premier jour de l&rsquo;\u00e9mission de deux timbres, ceci dans le cadre de l&rsquo;ann\u00e9e de Gaulle qui comm\u00e9more le 130\u00e8me anniversaire de&hellip; <br \/> <a class=\"read-more\" href=\"https:\/\/assphilateliquelilloise.fr\/index.php\/hommage-au-general-de-gaulle\/\">Lire la suite<\/a><\/p>\n","protected":false},"author":3,"featured_media":0,"parent":0,"menu_order":0,"comment_status":"closed","ping_status":"closed","template":"","meta":{"footnotes":""},"class_list":["post-1435","page","type-page","status-publish","hentry"],"yoast_head":"<!-- This site is optimized with the Yoast SEO plugin v27.3 - https:\/\/yoast.com\/product\/yoast-seo-wordpress\/ -->\n<title>Hommage au G\u00e9n\u00e9ral de Gaulle - Association Philat\u00e9lique de Lille-Mons et Environs<\/title>\n<meta name=\"robots\" content=\"index, follow, max-snippet:-1, max-image-preview:large, max-video-preview:-1\" \/>\n<link rel=\"canonical\" href=\"https:\/\/assphilateliquelilloise.fr\/index.php\/hommage-au-general-de-gaulle\/\" \/>\n<meta property=\"og:locale\" content=\"fr_FR\" \/>\n<meta property=\"og:type\" content=\"article\" \/>\n<meta property=\"og:title\" content=\"Hommage au G\u00e9n\u00e9ral de Gaulle - Association Philat\u00e9lique de Lille-Mons et Environs\" \/>\n<meta property=\"og:description\" content=\"Hommage au G\u00e9n\u00e9ral de Gaulle L&rsquo;A.P.L. organise en collaboration avec le D\u00e9partement du Nord, la maison natale du G\u00e9n\u00e9ral de Gaulle et la Poste ( direction r\u00e9gionale et \u00e9tablissement postal de Lille-R\u00e9publique ), le premier jour de l&rsquo;\u00e9mission de deux timbres, ceci dans le cadre de l&rsquo;ann\u00e9e de Gaulle qui comm\u00e9more le 130\u00e8me anniversaire de&hellip; Lire la suite\" \/>\n<meta property=\"og:url\" content=\"https:\/\/assphilateliquelilloise.fr\/index.php\/hommage-au-general-de-gaulle\/\" \/>\n<meta property=\"og:site_name\" content=\"Association Philat\u00e9lique de Lille-Mons et Environs\" \/>\n<meta property=\"article:modified_time\" content=\"2022-03-23T07:37:44+00:00\" \/>\n<meta property=\"og:image\" content=\"https:\/\/assphilateliquelilloise.fr\/wp-content\/uploads\/2020\/10\/de-Gaulle-1-768x519.jpg\" \/>\n<meta name=\"twitter:card\" content=\"summary_large_image\" \/>\n<meta name=\"twitter:label1\" content=\"Dur\u00e9e de lecture estim\u00e9e\" \/>\n\t<meta name=\"twitter:data1\" content=\"1 minute\" \/>\n<script type=\"application\/ld+json\" class=\"yoast-schema-graph\">{\"@context\":\"https:\\\/\\\/schema.org\",\"@graph\":[{\"@type\":\"WebPage\",\"@id\":\"https:\\\/\\\/assphilateliquelilloise.fr\\\/index.php\\\/hommage-au-general-de-gaulle\\\/\",\"url\":\"https:\\\/\\\/assphilateliquelilloise.fr\\\/index.php\\\/hommage-au-general-de-gaulle\\\/\",\"name\":\"Hommage au G\u00e9n\u00e9ral de Gaulle - Association Philat\u00e9lique de Lille-Mons et Environs\",\"isPartOf\":{\"@id\":\"https:\\\/\\\/assphilateliquelilloise.fr\\\/#website\"},\"primaryImageOfPage\":{\"@id\":\"https:\\\/\\\/assphilateliquelilloise.fr\\\/index.php\\\/hommage-au-general-de-gaulle\\\/#primaryimage\"},\"image\":{\"@id\":\"https:\\\/\\\/assphilateliquelilloise.fr\\\/index.php\\\/hommage-au-general-de-gaulle\\\/#primaryimage\"},\"thumbnailUrl\":\"https:\\\/\\\/assphilateliquelilloise.fr\\\/wp-content\\\/uploads\\\/2020\\\/10\\\/de-Gaulle-1-768x519.jpg\",\"datePublished\":\"2020-10-06T16:26:45+00:00\",\"dateModified\":\"2022-03-23T07:37:44+00:00\",\"breadcrumb\":{\"@id\":\"https:\\\/\\\/assphilateliquelilloise.fr\\\/index.php\\\/hommage-au-general-de-gaulle\\\/#breadcrumb\"},\"inLanguage\":\"fr-FR\",\"potentialAction\":[{\"@type\":\"ReadAction\",\"target\":[\"https:\\\/\\\/assphilateliquelilloise.fr\\\/index.php\\\/hommage-au-general-de-gaulle\\\/\"]}]},{\"@type\":\"ImageObject\",\"inLanguage\":\"fr-FR\",\"@id\":\"https:\\\/\\\/assphilateliquelilloise.fr\\\/index.php\\\/hommage-au-general-de-gaulle\\\/#primaryimage\",\"url\":\"https:\\\/\\\/assphilateliquelilloise.fr\\\/wp-content\\\/uploads\\\/2020\\\/10\\\/de-Gaulle-1.jpg\",\"contentUrl\":\"https:\\\/\\\/assphilateliquelilloise.fr\\\/wp-content\\\/uploads\\\/2020\\\/10\\\/de-Gaulle-1.jpg\",\"width\":945,\"height\":638},{\"@type\":\"BreadcrumbList\",\"@id\":\"https:\\\/\\\/assphilateliquelilloise.fr\\\/index.php\\\/hommage-au-general-de-gaulle\\\/#breadcrumb\",\"itemListElement\":[{\"@type\":\"ListItem\",\"position\":1,\"name\":\"Accueil\",\"item\":\"https:\\\/\\\/assphilateliquelilloise.fr\\\/\"},{\"@type\":\"ListItem\",\"position\":2,\"name\":\"Hommage au G\u00e9n\u00e9ral de Gaulle\"}]},{\"@type\":\"WebSite\",\"@id\":\"https:\\\/\\\/assphilateliquelilloise.fr\\\/#website\",\"url\":\"https:\\\/\\\/assphilateliquelilloise.fr\\\/\",\"name\":\"Association Philat\u00e9lique de Lille-Mons et Environs\",\"description\":\"Site de l&#039;Association Philat\u00e9lique de Lille-Mons et Environs\",\"publisher\":{\"@id\":\"https:\\\/\\\/assphilateliquelilloise.fr\\\/#organization\"},\"potentialAction\":[{\"@type\":\"SearchAction\",\"target\":{\"@type\":\"EntryPoint\",\"urlTemplate\":\"https:\\\/\\\/assphilateliquelilloise.fr\\\/?s={search_term_string}\"},\"query-input\":{\"@type\":\"PropertyValueSpecification\",\"valueRequired\":true,\"valueName\":\"search_term_string\"}}],\"inLanguage\":\"fr-FR\"},{\"@type\":\"Organization\",\"@id\":\"https:\\\/\\\/assphilateliquelilloise.fr\\\/#organization\",\"name\":\"Association Philat\u00e9lique de Lille-Mons et Environs\",\"url\":\"https:\\\/\\\/assphilateliquelilloise.fr\\\/\",\"logo\":{\"@type\":\"ImageObject\",\"inLanguage\":\"fr-FR\",\"@id\":\"https:\\\/\\\/assphilateliquelilloise.fr\\\/#\\\/schema\\\/logo\\\/image\\\/\",\"url\":\"https:\\\/\\\/assphilateliquelilloise.fr\\\/wp-content\\\/uploads\\\/2024\\\/04\\\/Logo_APLME_Internet5.jpg\",\"contentUrl\":\"https:\\\/\\\/assphilateliquelilloise.fr\\\/wp-content\\\/uploads\\\/2024\\\/04\\\/Logo_APLME_Internet5.jpg\",\"width\":345,\"height\":162,\"caption\":\"Association Philat\u00e9lique de Lille-Mons et Environs\"},\"image\":{\"@id\":\"https:\\\/\\\/assphilateliquelilloise.fr\\\/#\\\/schema\\\/logo\\\/image\\\/\"}}]}<\/script>\n<!-- \/ Yoast SEO plugin. -->","yoast_head_json":{"title":"Hommage au G\u00e9n\u00e9ral de Gaulle - Association Philat\u00e9lique de Lille-Mons et Environs","robots":{"index":"index","follow":"follow","max-snippet":"max-snippet:-1","max-image-preview":"max-image-preview:large","max-video-preview":"max-video-preview:-1"},"canonical":"https:\/\/assphilateliquelilloise.fr\/index.php\/hommage-au-general-de-gaulle\/","og_locale":"fr_FR","og_type":"article","og_title":"Hommage au G\u00e9n\u00e9ral de Gaulle - Association Philat\u00e9lique de Lille-Mons et Environs","og_description":"Hommage au G\u00e9n\u00e9ral de Gaulle L&rsquo;A.P.L. organise en collaboration avec le D\u00e9partement du Nord, la maison natale du G\u00e9n\u00e9ral de Gaulle et la Poste ( direction r\u00e9gionale et \u00e9tablissement postal de Lille-R\u00e9publique ), le premier jour de l&rsquo;\u00e9mission de deux timbres, ceci dans le cadre de l&rsquo;ann\u00e9e de Gaulle qui comm\u00e9more le 130\u00e8me anniversaire de&hellip; Lire la suite","og_url":"https:\/\/assphilateliquelilloise.fr\/index.php\/hommage-au-general-de-gaulle\/","og_site_name":"Association Philat\u00e9lique de Lille-Mons et Environs","article_modified_time":"2022-03-23T07:37:44+00:00","og_image":[{"url":"https:\/\/assphilateliquelilloise.fr\/wp-content\/uploads\/2020\/10\/de-Gaulle-1-768x519.jpg","type":"","width":"","height":""}],"twitter_card":"summary_large_image","twitter_misc":{"Dur\u00e9e de lecture estim\u00e9e":"1 minute"},"schema":{"@context":"https:\/\/schema.org","@graph":[{"@type":"WebPage","@id":"https:\/\/assphilateliquelilloise.fr\/index.php\/hommage-au-general-de-gaulle\/","url":"https:\/\/assphilateliquelilloise.fr\/index.php\/hommage-au-general-de-gaulle\/","name":"Hommage au G\u00e9n\u00e9ral de Gaulle - Association Philat\u00e9lique de Lille-Mons et Environs","isPartOf":{"@id":"https:\/\/assphilateliquelilloise.fr\/#website"},"primaryImageOfPage":{"@id":"https:\/\/assphilateliquelilloise.fr\/index.php\/hommage-au-general-de-gaulle\/#primaryimage"},"image":{"@id":"https:\/\/assphilateliquelilloise.fr\/index.php\/hommage-au-general-de-gaulle\/#primaryimage"},"thumbnailUrl":"https:\/\/assphilateliquelilloise.fr\/wp-content\/uploads\/2020\/10\/de-Gaulle-1-768x519.jpg","datePublished":"2020-10-06T16:26:45+00:00","dateModified":"2022-03-23T07:37:44+00:00","breadcrumb":{"@id":"https:\/\/assphilateliquelilloise.fr\/index.php\/hommage-au-general-de-gaulle\/#breadcrumb"},"inLanguage":"fr-FR","potentialAction":[{"@type":"ReadAction","target":["https:\/\/assphilateliquelilloise.fr\/index.php\/hommage-au-general-de-gaulle\/"]}]},{"@type":"ImageObject","inLanguage":"fr-FR","@id":"https:\/\/assphilateliquelilloise.fr\/index.php\/hommage-au-general-de-gaulle\/#primaryimage","url":"https:\/\/assphilateliquelilloise.fr\/wp-content\/uploads\/2020\/10\/de-Gaulle-1.jpg","contentUrl":"https:\/\/assphilateliquelilloise.fr\/wp-content\/uploads\/2020\/10\/de-Gaulle-1.jpg","width":945,"height":638},{"@type":"BreadcrumbList","@id":"https:\/\/assphilateliquelilloise.fr\/index.php\/hommage-au-general-de-gaulle\/#breadcrumb","itemListElement":[{"@type":"ListItem","position":1,"name":"Accueil","item":"https:\/\/assphilateliquelilloise.fr\/"},{"@type":"ListItem","position":2,"name":"Hommage au G\u00e9n\u00e9ral de Gaulle"}]},{"@type":"WebSite","@id":"https:\/\/assphilateliquelilloise.fr\/#website","url":"https:\/\/assphilateliquelilloise.fr\/","name":"Association Philat\u00e9lique de Lille-Mons et Environs","description":"Site de l&#039;Association Philat\u00e9lique de Lille-Mons et Environs","publisher":{"@id":"https:\/\/assphilateliquelilloise.fr\/#organization"},"potentialAction":[{"@type":"SearchAction","target":{"@type":"EntryPoint","urlTemplate":"https:\/\/assphilateliquelilloise.fr\/?s={search_term_string}"},"query-input":{"@type":"PropertyValueSpecification","valueRequired":true,"valueName":"search_term_string"}}],"inLanguage":"fr-FR"},{"@type":"Organization","@id":"https:\/\/assphilateliquelilloise.fr\/#organization","name":"Association Philat\u00e9lique de Lille-Mons et Environs","url":"https:\/\/assphilateliquelilloise.fr\/","logo":{"@type":"ImageObject","inLanguage":"fr-FR","@id":"https:\/\/assphilateliquelilloise.fr\/#\/schema\/logo\/image\/","url":"https:\/\/assphilateliquelilloise.fr\/wp-content\/uploads\/2024\/04\/Logo_APLME_Internet5.jpg","contentUrl":"https:\/\/assphilateliquelilloise.fr\/wp-content\/uploads\/2024\/04\/Logo_APLME_Internet5.jpg","width":345,"height":162,"caption":"Association Philat\u00e9lique de Lille-Mons et Environs"},"image":{"@id":"https:\/\/assphilateliquelilloise.fr\/#\/schema\/logo\/image\/"}}]}},"jetpack_sharing_enabled":true,"_links":{"self":[{"href":"https:\/\/assphilateliquelilloise.fr\/index.php\/wp-json\/wp\/v2\/pages\/1435","targetHints":{"allow":["GET"]}}],"collection":[{"href":"https:\/\/assphilateliquelilloise.fr\/index.php\/wp-json\/wp\/v2\/pages"}],"about":[{"href":"https:\/\/assphilateliquelilloise.fr\/index.php\/wp-json\/wp\/v2\/types\/page"}],"author":[{"embeddable":true,"href":"https:\/\/assphilateliquelilloise.fr\/index.php\/wp-json\/wp\/v2\/users\/3"}],"replies":[{"embeddable":true,"href":"https:\/\/assphilateliquelilloise.fr\/index.php\/wp-json\/wp\/v2\/comments?post=1435"}],"version-history":[{"count":8,"href":"https:\/\/assphilateliquelilloise.fr\/index.php\/wp-json\/wp\/v2\/pages\/1435\/revisions"}],"predecessor-version":[{"id":2272,"href":"https:\/\/assphilateliquelilloise.fr\/index.php\/wp-json\/wp\/v2\/pages\/1435\/revisions\/2272"}],"wp:attachment":[{"href":"https:\/\/assphilateliquelilloise.fr\/index.php\/wp-json\/wp\/v2\/media?parent=1435"}],"curies":[{"name":"wp","href":"https:\/\/api.w.org\/{rel}","templated":true}]}}