{"id":27,"date":"2018-11-12T09:53:22","date_gmt":"2018-11-12T08:53:22","guid":{"rendered":"http:\/\/assphilateliquelilloise.fr\/?page_id=27"},"modified":"2025-09-30T11:46:56","modified_gmt":"2025-09-30T09:46:56","slug":"fonctionnement","status":"publish","type":"page","link":"https:\/\/assphilateliquelilloise.fr\/index.php\/fonctionnement\/","title":{"rendered":"Fonctionnement"},"content":{"rendered":"\t\t<div data-elementor-type=\"wp-post\" data-elementor-id=\"27\" class=\"elementor elementor-27\">\n\t\t\t\t\t\t<section class=\"elementor-section elementor-top-section elementor-element elementor-element-2ec6591 elementor-section-boxed elementor-section-height-default elementor-section-height-default\" data-id=\"2ec6591\" data-element_type=\"section\" data-e-type=\"section\">\n\t\t\t\t\t\t<div class=\"elementor-container elementor-column-gap-default\">\n\t\t\t\t\t<div class=\"elementor-column elementor-col-100 elementor-top-column elementor-element elementor-element-1a7b1ae\" data-id=\"1a7b1ae\" data-element_type=\"column\" data-e-type=\"column\">\n\t\t\t<div class=\"elementor-widget-wrap elementor-element-populated\">\n\t\t\t\t\t\t<div class=\"elementor-element elementor-element-7fb884f elementor-widget elementor-widget-heading\" data-id=\"7fb884f\" data-element_type=\"widget\" data-e-type=\"widget\" data-widget_type=\"heading.default\">\n\t\t\t\t<div class=\"elementor-widget-container\">\n\t\t\t\t\t<h2 class=\"elementor-heading-title elementor-size-default\"><span style=\"color:red\">F<\/span>onctionnement<\/h2>\t\t\t\t<\/div>\n\t\t\t\t<\/div>\n\t\t\t\t<div class=\"elementor-element elementor-element-a4fe6cf elementor-widget-divider--view-line elementor-widget elementor-widget-divider\" data-id=\"a4fe6cf\" data-element_type=\"widget\" data-e-type=\"widget\" data-widget_type=\"divider.default\">\n\t\t\t\t<div class=\"elementor-widget-container\">\n\t\t\t\t\t\t\t<div class=\"elementor-divider\">\n\t\t\t<span class=\"elementor-divider-separator\">\n\t\t\t\t\t\t<\/span>\n\t\t<\/div>\n\t\t\t\t\t\t<\/div>\n\t\t\t\t<\/div>\n\t\t\t\t\t<\/div>\n\t\t<\/div>\n\t\t\t\t\t<\/div>\n\t\t<\/section>\n\t\t\t\t<section class=\"elementor-section elementor-top-section elementor-element elementor-element-f5b5646 elementor-section-boxed elementor-section-height-default elementor-section-height-default\" data-id=\"f5b5646\" data-element_type=\"section\" data-e-type=\"section\">\n\t\t\t\t\t\t<div class=\"elementor-container elementor-column-gap-wider\">\n\t\t\t\t\t<div class=\"elementor-column elementor-col-33 elementor-top-column elementor-element elementor-element-2a21ddc\" data-id=\"2a21ddc\" data-element_type=\"column\" data-e-type=\"column\">\n\t\t\t<div class=\"elementor-widget-wrap elementor-element-populated\">\n\t\t\t\t\t\t<div class=\"elementor-element elementor-element-db3a998 elementor-widget elementor-widget-text-editor\" data-id=\"db3a998\" data-element_type=\"widget\" data-e-type=\"widget\" data-widget_type=\"text-editor.default\">\n\t\t\t\t<div class=\"elementor-widget-container\">\n\t\t\t\t\t\t\t\t\t<h3 style=\"font-weight: 400;\"><span style=\"color: #ff0000;\"><span style=\"font-weight: bold;\">Les Jeunes&nbsp;:<\/span><\/span><\/h3>\n<ul>\n<li>&nbsp;<\/li>\n<\/ul>\n<p><span style=\"color: #000000;\">Les activit\u00e9s philat\u00e9liques propos\u00e9es sont&nbsp;: d\u00e9collage de timbres, constitutions de collections th\u00e9matiques, tri de timbres \u00e9trangers.<\/span><\/p>\n<p><span style=\"color: #000000;\">Chaque participant b\u00e9n\u00e9ficiera d\u2019un lot de timbres sur le th\u00e8me de son choix, dans la limite des disponibilit\u00e9s.<\/span><\/p>\n<p><span style=\"color: #000000;\"><u>Les Responsables&nbsp;de la section Jeunes :<\/u><\/span><\/p>\n<p><span style=\"color: #000000;\">&#8211;&nbsp;&nbsp;&nbsp;&nbsp;&nbsp;&nbsp;&nbsp;&nbsp;&nbsp;&nbsp;Pierre Dubremetz&nbsp;(03 20 40 22 04)<\/span><\/p>\n<p><span style=\"color: #000000;\">&#8211;&nbsp;&nbsp;&nbsp;&nbsp;&nbsp;&nbsp;&nbsp;&nbsp;&nbsp; On demande des volontaires.<br><\/span><\/p>\n<p><\/p>\t\t\t\t\t\t\t\t<\/div>\n\t\t\t\t<\/div>\n\t\t\t\t\t<\/div>\n\t\t<\/div>\n\t\t\t\t<div class=\"elementor-column elementor-col-66 elementor-top-column elementor-element elementor-element-d8b9af0\" data-id=\"d8b9af0\" data-element_type=\"column\" data-e-type=\"column\">\n\t\t\t<div class=\"elementor-widget-wrap elementor-element-populated\">\n\t\t\t\t\t\t<div class=\"elementor-element elementor-element-45b1724 elementor-widget elementor-widget-text-editor\" data-id=\"45b1724\" data-element_type=\"widget\" data-e-type=\"widget\" data-widget_type=\"text-editor.default\">\n\t\t\t\t<div class=\"elementor-widget-container\">\n\t\t\t\t\t\t\t\t\t<h3 style=\"font-weight: 400;\"><span style=\"font-weight: bold; color: #ff0000; font-size: 1.5rem;\">Les Circulations\u00a0:<\/span><\/h3><p><span style=\"color: #000000;\">Chef d\u2019Echange\u00a0:<\/span><\/p><p>\u00a0<\/p><p>\u00a0<\/p><p>\u00a0<\/p><p><span style=\"color: #000000;\">Chaque abonn\u00e9 qui le souhaite peut confectionner des carnets d\u2019\u00e9changes qui circuleront ensuite d\u2019adh\u00e9rent en adh\u00e9rent.<\/span><\/p><p><span style=\"color: #000000;\">Des adh\u00e9rents proposent pr\u00e8s 700 carnets d\u2019\u00e9change qui sont propos\u00e9s \u00e0 une petite centaine d\u2019adh\u00e9rents r\u00e9partis en 10 circuits.<\/span><\/p><p><span style=\"color: #000000;\">Chaque bo\u00eete contient environ 20 carnets avec des timbres de France, autres pays, th\u00e9matiques, neufs ou oblit\u00e9r\u00e9s.<\/span><\/p><p><span style=\"color: #000000;\">Le chef d&rsquo;\u00e9change est \u00e0 votre disposition pour vous ins\u00e9rer dans un circuit d\u2019\u00e9changes.<\/span><br \/><span style=\"color: #000000;\">Elle est aid\u00e9e dans cette t\u00e2che par Michel Debacker et Jean-Marie Pouillaude.<\/span><\/p><p><span style=\"color: #000000;\">Chaque b\u00e9n\u00e9ficiaire des circulations est charg\u00e9 de transmettre au membre suivant la bo\u00eete qui lui a \u00e9t\u00e9 confi\u00e9e, le plus rapidement possible, en fonction de la feuille de route. A la fin de chaque circuit, le dernier pr\u00e9leveur est charg\u00e9 de ramener la circulation chez le responsable du circuit lui t\u00e9l\u00e9phoner pour le pr\u00e9venir, il pourra ainsi pr\u00e9parer une nouvelle circulation pour votre secteur) ou \u00e0 la r\u00e9union du samedi.<\/span><\/p><p><span style=\"color: #000000;\">Pour que tout le monde puisse consulter les carnets il est demand\u00e9 de ne pas les garder plus de 3 jours.<\/span><\/p><p style=\"margin-bottom: 16px;\"><span style=\"color: #000000;\">Nous vous demandons de r\u00e9gler r\u00e9guli\u00e8rement vos pr\u00e9l\u00e8vements aupr\u00e8s de Jean-Marie Pouillaude qui assure la gestion comptable des comptes Pr\u00e9leveurs\/Emetteurs<\/span><\/p>\t\t\t\t\t\t\t\t<\/div>\n\t\t\t\t<\/div>\n\t\t\t\t\t<\/div>\n\t\t<\/div>\n\t\t\t\t\t<\/div>\n\t\t<\/section>\n\t\t\t\t<section class=\"elementor-section elementor-top-section elementor-element elementor-element-e543ce7 elementor-section-boxed elementor-section-height-default elementor-section-height-default\" data-id=\"e543ce7\" data-element_type=\"section\" data-e-type=\"section\">\n\t\t\t\t\t\t<div class=\"elementor-container elementor-column-gap-wide\">\n\t\t\t\t\t<div class=\"elementor-column elementor-col-66 elementor-top-column elementor-element elementor-element-10783cb\" data-id=\"10783cb\" data-element_type=\"column\" data-e-type=\"column\">\n\t\t\t<div class=\"elementor-widget-wrap elementor-element-populated\">\n\t\t\t\t\t\t<div class=\"elementor-element elementor-element-bf8194d elementor-widget elementor-widget-text-editor\" data-id=\"bf8194d\" data-element_type=\"widget\" data-e-type=\"widget\" data-widget_type=\"text-editor.default\">\n\t\t\t\t<div class=\"elementor-widget-container\">\n\t\t\t\t\t\t\t\t\t<h3 style=\"font-weight: 400;\"><span style=\"font-weight: bold; color: #ff0000; font-size: 1.5rem;\">Les Nouveaut\u00e9s\u00a0:<\/span><\/h3><p><span style=\"color: #000000;\">Responsables Nouveaut\u00e9s\u00a0:<\/span><\/p><p><span style=\"color: #000000;\">Jean Marie POUILLAUDE<\/span><\/p><p><span style=\"font-weight: bold; color: #000000;\">\u00a0<\/span><\/p><p><span style=\"color: #000000;\">L\u2019Association peut vous procurer gracieusement\u00a0les produits suivants\u00a0:<\/span><\/p><p><span style=\"color: #000000;\">&#8211;\u00a0\u00a0\u00a0\u00a0\u00a0\u00a0\u00a0\u00a0\u00a0\u00a0L&rsquo;imprim\u00e9 pour souscrire vos abonnements aux pochettes trimestrielles des timbres de France<\/span><\/p><p><span style=\"color: #000000;\">&#8211;\u00a0\u00a0\u00a0\u00a0\u00a0\u00a0\u00a0\u00a0\u00a0\u00a0Les souvenirs philat\u00e9liques<\/span><\/p><p><span style=\"color: #000000;\">&#8211;\u00a0\u00a0\u00a0\u00a0\u00a0\u00a0\u00a0\u00a0\u00a0\u00a0Les pochettes \u00e9missions communes<\/span><\/p><p><span style=\"color: #000000;\">&#8211;\u00a0\u00a0\u00a0\u00a0\u00a0\u00a0\u00a0\u00a0\u00a0\u00a0Les timbres du Service PRO<\/span><\/p><p><span style=\"color: #000000;\">&#8211;\u00a0\u00a0\u00a0\u00a0\u00a0\u00a0\u00a0\u00a0\u00a0\u00a0Les \u00e9missions des pays\u00a0:<\/span><\/p><ul><li><span style=\"color: #000000;\">\u00a0\u00a0\u00a0\u00a0\u00a0\u00a0\u00a0\u00a0\u00a0Andorre<\/span><\/li><li><span style=\"color: #000000;\">\u00a0 \u00a0 \u00a0 \u00a0 \u00a0Nouvelle Cal\u00e9donie<\/span><\/li><li><span style=\"color: #000000;\">\u00a0\u00a0\u00a0\u00a0\u00a0\u00a0\u00a0\u00a0\u00a0Monaco<\/span><\/li><li><span style=\"color: #000000;\">\u00a0 \u00a0 \u00a0 \u00a0 \u00a0Polyn\u00e9sie<\/span><\/li><li><span style=\"color: #000000;\">\u00a0 \u00a0 \u00a0 \u00a0 \u00a0Saint Pierre et Miquelon<\/span><\/li><li><span style=\"color: #000000;\">\u00a0\u00a0\u00a0\u00a0\u00a0\u00a0\u00a0\u00a0\u00a0TAAF<\/span><\/li><li><span style=\"color: #000000;\">\u00a0 \u00a0 \u00a0 \u00a0 \u00a0Wallis et Futuna<\/span><\/li><\/ul><p style=\"margin-bottom: 16px;\"><span style=\"color: #000000;\">Et essaie de r\u00e9pondre \u00e0 toutes vos demandes particuli\u00e8res.<\/span><\/p>\t\t\t\t\t\t\t\t<\/div>\n\t\t\t\t<\/div>\n\t\t\t\t\t<\/div>\n\t\t<\/div>\n\t\t\t\t<div class=\"elementor-column elementor-col-33 elementor-top-column elementor-element elementor-element-cc691c0\" data-id=\"cc691c0\" data-element_type=\"column\" data-e-type=\"column\">\n\t\t\t<div class=\"elementor-widget-wrap elementor-element-populated\">\n\t\t\t\t\t\t<div class=\"elementor-element elementor-element-57ef690 elementor-widget elementor-widget-text-editor\" data-id=\"57ef690\" data-element_type=\"widget\" data-e-type=\"widget\" data-widget_type=\"text-editor.default\">\n\t\t\t\t<div class=\"elementor-widget-container\">\n\t\t\t\t\t\t\t\t\t<h3><span style=\"color: #ff0000;\"><span style=\"font-weight: bold;\">Les fournitures philat\u00e9liques\u00a0:<\/span><\/span><\/h3><p style=\"margin-bottom: 16px;\">\u00a0<span style=\"color: #000000;\">Vous pouvez n ous transmettre vos demandes de fournitures (catalogues de cotation, classeurs, albums, mises \u00e0 jour Yvert &amp; Tellier, Davo, Leuchturm, C\u00e9r\u00e8s, \u2026, pochettes de protections, etc \u2026) et b\u00e9n\u00e9ficierez ainsi de la remise Club.<\/span><\/p>\t\t\t\t\t\t\t\t<\/div>\n\t\t\t\t<\/div>\n\t\t\t\t\t<\/div>\n\t\t<\/div>\n\t\t\t\t\t<\/div>\n\t\t<\/section>\n\t\t\t\t<section class=\"elementor-section elementor-top-section elementor-element elementor-element-e2ae743 elementor-section-boxed elementor-section-height-default elementor-section-height-default\" data-id=\"e2ae743\" data-element_type=\"section\" data-e-type=\"section\">\n\t\t\t\t\t\t<div class=\"elementor-container elementor-column-gap-default\">\n\t\t\t\t\t<div class=\"elementor-column elementor-col-100 elementor-top-column elementor-element elementor-element-c3fcf26\" data-id=\"c3fcf26\" data-element_type=\"column\" data-e-type=\"column\">\n\t\t\t<div class=\"elementor-widget-wrap elementor-element-populated\">\n\t\t\t\t\t\t<div class=\"elementor-element elementor-element-2342cc1 elementor-widget elementor-widget-text-editor\" data-id=\"2342cc1\" data-element_type=\"widget\" data-e-type=\"widget\" data-widget_type=\"text-editor.default\">\n\t\t\t\t<div class=\"elementor-widget-container\">\n\t\t\t\t\t\t\t\t\t<h3 style=\"margin-top: 1.5rem; font-weight: 400;\"><span style=\"color: #ff0000;\"><span style=\"font-weight: bold;\"><strong>La Biblioth\u00e8que<\/strong><\/span><span style=\"font-weight: bold;\"><strong>\u00a0:<\/strong><\/span><\/span><\/h3><p><span style=\"color: #000000;\"><u>REGLEMENT<\/u><\/span><\/p><p><span style=\"color: #000000;\">\u00a0A\u00b0)\u00a0La Biblioth\u00e8que\u00a0est ouverte aux membres de l\u2019Association Philat\u00e9lique Lilloise \u00e0 jour de leur cotisation.<\/span><\/p><p><span style=\"color: #000000;\">\u00a0B\u00b0) Les ouvrages disponibles peuvent\u00a0:<\/span><\/p><ol><li><span style=\"color: #000000;\">\u00a0\u00a0\u00a0\u00a0\u00a0\u00a0\u00a0Etre consult\u00e9s sur place pendant la r\u00e9union.\u00a0<u>Ils doivent imp\u00e9rativement \u00eatre report\u00e9s aux responsables \u00e0 17h au plus tard.<\/u><\/span><\/li><li><span style=\"color: #000000;\">\u00a0\u00a0\u00a0\u00a0\u00a0\u00a0\u00a0Etre emport\u00e9s dans les conditions suivantes\u00a0:<\/span><\/li><\/ol><ul><li><span style=\"color: #000000;\">\u00a0\u00a0\u00a0\u00a0\u00a0\u00a0\u00a0\u00a0\u00a0D\u00e9p\u00f4t d\u2019une caution de garantie \u00e9gale au montant figurant sur l&rsquo;inventaire,\u00a0<u>elle devra obligatoirement \u00eatre pay\u00e9e par ch\u00e8que bancaire ou postal<\/u><\/span><\/li><li><span style=\"color: #000000;\">\u00a0\u00a0\u00a0\u00a0\u00a0\u00a0\u00a0\u00a0\u00a0La dur\u00e9e de l\u2019emprunt ne peut d\u00e9passer l\u2019espace de temps compris entre 3 r\u00e9unions ordinaires de l\u2019APL.<\/span><\/li><li><span style=\"color: #000000;\">\u00a0\u00a0\u00a0\u00a0\u00a0\u00a0\u00a0\u00a0\u00a0La derni\u00e8re mise \u00e0 disposition se fera lors de la derni\u00e8re r\u00e9union de juin. Le\u00a0<u>livre<\/u>\u00a0emprunt\u00e9 devra obligatoirement \u00eatre\u00a0<u>rapport\u00e9 pour la derni\u00e8re r\u00e9union de juillet au plus tard.<\/u><\/span><\/li><li><span style=\"color: #000000;\">\u00a0\u00a0\u00a0\u00a0\u00a0\u00a0\u00a0\u00a0\u00a0<u>L\u2019\u00e9tat de l\u2019ouvrage sera contr\u00f4l\u00e9 lors de la remise et du retour. Les d\u00e9gradations \u00e9ventuellement constat\u00e9es seront factur\u00e9es par paiement ou imputation sur le d\u00e9p\u00f4t de garantie.<\/u><\/span><\/li><\/ul><p><span style=\"color: #000000;\">C\u00b0) Il est express\u00e9ment demand\u00e9 de\u00a0<span style=\"font-weight: bold;\">ne pas photocopier<\/span>\u00a0les ouvrages emprunt\u00e9s pour \u00e9viter la d\u00e9t\u00e9rioration des reliures.<\/span><\/p><p><span style=\"color: #000000;\">D\u00b0) Liste des ouvrages de la\u00a0<a href=\"https:\/\/assphilateliquelilloise.fr\/wp-content\/uploads\/2024\/07\/Bibliotheque_APLME_inventaire-21juin2024.pdf\" target=\"_blank\" rel=\"noopener\">Biblioth\u00e8que<\/a>\u00a0<em>(liste mise \u00e0 jour au 21 juin 2024)<\/em><\/span><\/p>\t\t\t\t\t\t\t\t<\/div>\n\t\t\t\t<\/div>\n\t\t\t\t\t<\/div>\n\t\t<\/div>\n\t\t\t\t\t<\/div>\n\t\t<\/section>\n\t\t\t\t<\/div>\n\t\t","protected":false},"excerpt":{"rendered":"<p>Fonctionnement Les Jeunes&nbsp;: &nbsp; Les activit\u00e9s philat\u00e9liques propos\u00e9es sont&nbsp;: d\u00e9collage de timbres, constitutions de collections th\u00e9matiques, tri de timbres \u00e9trangers. Chaque participant b\u00e9n\u00e9ficiera d\u2019un lot de timbres sur le th\u00e8me de son choix, dans la limite des disponibilit\u00e9s. Les Responsables&nbsp;de la section Jeunes : &#8211;&nbsp;&nbsp;&nbsp;&nbsp;&nbsp;&nbsp;&nbsp;&nbsp;&nbsp;&nbsp;Pierre Dubremetz&nbsp;(03 20 40 22 04) &#8211;&nbsp;&nbsp;&nbsp;&nbsp;&nbsp;&nbsp;&nbsp;&nbsp;&nbsp; On demande des volontaires.&hellip; <br \/> <a class=\"read-more\" href=\"https:\/\/assphilateliquelilloise.fr\/index.php\/fonctionnement\/\">Lire la suite<\/a><\/p>\n","protected":false},"author":2,"featured_media":0,"parent":0,"menu_order":0,"comment_status":"closed","ping_status":"closed","template":"","meta":{"footnotes":""},"class_list":["post-27","page","type-page","status-publish","hentry"],"yoast_head":"<!-- This site is optimized with the Yoast SEO plugin v27.3 - https:\/\/yoast.com\/product\/yoast-seo-wordpress\/ -->\n<title>Fonctionnement - Association Philat\u00e9lique de Lille-Mons et Environs<\/title>\n<meta name=\"robots\" content=\"index, follow, max-snippet:-1, max-image-preview:large, max-video-preview:-1\" \/>\n<link rel=\"canonical\" href=\"https:\/\/assphilateliquelilloise.fr\/index.php\/fonctionnement\/\" \/>\n<meta property=\"og:locale\" content=\"fr_FR\" \/>\n<meta property=\"og:type\" content=\"article\" \/>\n<meta property=\"og:title\" content=\"Fonctionnement - Association Philat\u00e9lique de Lille-Mons et Environs\" \/>\n<meta property=\"og:description\" content=\"Fonctionnement Les Jeunes&nbsp;: &nbsp; Les activit\u00e9s philat\u00e9liques propos\u00e9es sont&nbsp;: d\u00e9collage de timbres, constitutions de collections th\u00e9matiques, tri de timbres \u00e9trangers. Chaque participant b\u00e9n\u00e9ficiera d\u2019un lot de timbres sur le th\u00e8me de son choix, dans la limite des disponibilit\u00e9s. Les Responsables&nbsp;de la section Jeunes : &#8211;&nbsp;&nbsp;&nbsp;&nbsp;&nbsp;&nbsp;&nbsp;&nbsp;&nbsp;&nbsp;Pierre Dubremetz&nbsp;(03 20 40 22 04) &#8211;&nbsp;&nbsp;&nbsp;&nbsp;&nbsp;&nbsp;&nbsp;&nbsp;&nbsp; On demande des volontaires.&hellip; Lire la suite\" \/>\n<meta property=\"og:url\" content=\"https:\/\/assphilateliquelilloise.fr\/index.php\/fonctionnement\/\" \/>\n<meta property=\"og:site_name\" content=\"Association Philat\u00e9lique de Lille-Mons et Environs\" \/>\n<meta property=\"article:modified_time\" content=\"2025-09-30T09:46:56+00:00\" \/>\n<meta name=\"twitter:card\" content=\"summary_large_image\" \/>\n<meta name=\"twitter:label1\" content=\"Dur\u00e9e de lecture estim\u00e9e\" \/>\n\t<meta name=\"twitter:data1\" content=\"3 minutes\" \/>\n<script type=\"application\/ld+json\" class=\"yoast-schema-graph\">{\"@context\":\"https:\\\/\\\/schema.org\",\"@graph\":[{\"@type\":\"WebPage\",\"@id\":\"https:\\\/\\\/assphilateliquelilloise.fr\\\/index.php\\\/fonctionnement\\\/\",\"url\":\"https:\\\/\\\/assphilateliquelilloise.fr\\\/index.php\\\/fonctionnement\\\/\",\"name\":\"Fonctionnement - Association Philat\u00e9lique de Lille-Mons et Environs\",\"isPartOf\":{\"@id\":\"https:\\\/\\\/assphilateliquelilloise.fr\\\/#website\"},\"datePublished\":\"2018-11-12T08:53:22+00:00\",\"dateModified\":\"2025-09-30T09:46:56+00:00\",\"breadcrumb\":{\"@id\":\"https:\\\/\\\/assphilateliquelilloise.fr\\\/index.php\\\/fonctionnement\\\/#breadcrumb\"},\"inLanguage\":\"fr-FR\",\"potentialAction\":[{\"@type\":\"ReadAction\",\"target\":[\"https:\\\/\\\/assphilateliquelilloise.fr\\\/index.php\\\/fonctionnement\\\/\"]}]},{\"@type\":\"BreadcrumbList\",\"@id\":\"https:\\\/\\\/assphilateliquelilloise.fr\\\/index.php\\\/fonctionnement\\\/#breadcrumb\",\"itemListElement\":[{\"@type\":\"ListItem\",\"position\":1,\"name\":\"Accueil\",\"item\":\"https:\\\/\\\/assphilateliquelilloise.fr\\\/\"},{\"@type\":\"ListItem\",\"position\":2,\"name\":\"Fonctionnement\"}]},{\"@type\":\"WebSite\",\"@id\":\"https:\\\/\\\/assphilateliquelilloise.fr\\\/#website\",\"url\":\"https:\\\/\\\/assphilateliquelilloise.fr\\\/\",\"name\":\"Association Philat\u00e9lique de Lille-Mons et Environs\",\"description\":\"Site de l&#039;Association Philat\u00e9lique de Lille-Mons et Environs\",\"publisher\":{\"@id\":\"https:\\\/\\\/assphilateliquelilloise.fr\\\/#organization\"},\"potentialAction\":[{\"@type\":\"SearchAction\",\"target\":{\"@type\":\"EntryPoint\",\"urlTemplate\":\"https:\\\/\\\/assphilateliquelilloise.fr\\\/?s={search_term_string}\"},\"query-input\":{\"@type\":\"PropertyValueSpecification\",\"valueRequired\":true,\"valueName\":\"search_term_string\"}}],\"inLanguage\":\"fr-FR\"},{\"@type\":\"Organization\",\"@id\":\"https:\\\/\\\/assphilateliquelilloise.fr\\\/#organization\",\"name\":\"Association Philat\u00e9lique de Lille-Mons et Environs\",\"url\":\"https:\\\/\\\/assphilateliquelilloise.fr\\\/\",\"logo\":{\"@type\":\"ImageObject\",\"inLanguage\":\"fr-FR\",\"@id\":\"https:\\\/\\\/assphilateliquelilloise.fr\\\/#\\\/schema\\\/logo\\\/image\\\/\",\"url\":\"https:\\\/\\\/assphilateliquelilloise.fr\\\/wp-content\\\/uploads\\\/2024\\\/04\\\/Logo_APLME_Internet5.jpg\",\"contentUrl\":\"https:\\\/\\\/assphilateliquelilloise.fr\\\/wp-content\\\/uploads\\\/2024\\\/04\\\/Logo_APLME_Internet5.jpg\",\"width\":345,\"height\":162,\"caption\":\"Association Philat\u00e9lique de Lille-Mons et Environs\"},\"image\":{\"@id\":\"https:\\\/\\\/assphilateliquelilloise.fr\\\/#\\\/schema\\\/logo\\\/image\\\/\"}}]}<\/script>\n<!-- \/ Yoast SEO plugin. -->","yoast_head_json":{"title":"Fonctionnement - Association Philat\u00e9lique de Lille-Mons et Environs","robots":{"index":"index","follow":"follow","max-snippet":"max-snippet:-1","max-image-preview":"max-image-preview:large","max-video-preview":"max-video-preview:-1"},"canonical":"https:\/\/assphilateliquelilloise.fr\/index.php\/fonctionnement\/","og_locale":"fr_FR","og_type":"article","og_title":"Fonctionnement - Association Philat\u00e9lique de Lille-Mons et Environs","og_description":"Fonctionnement Les Jeunes&nbsp;: &nbsp; Les activit\u00e9s philat\u00e9liques propos\u00e9es sont&nbsp;: d\u00e9collage de timbres, constitutions de collections th\u00e9matiques, tri de timbres \u00e9trangers. Chaque participant b\u00e9n\u00e9ficiera d\u2019un lot de timbres sur le th\u00e8me de son choix, dans la limite des disponibilit\u00e9s. Les Responsables&nbsp;de la section Jeunes : &#8211;&nbsp;&nbsp;&nbsp;&nbsp;&nbsp;&nbsp;&nbsp;&nbsp;&nbsp;&nbsp;Pierre Dubremetz&nbsp;(03 20 40 22 04) &#8211;&nbsp;&nbsp;&nbsp;&nbsp;&nbsp;&nbsp;&nbsp;&nbsp;&nbsp; On demande des volontaires.&hellip; Lire la suite","og_url":"https:\/\/assphilateliquelilloise.fr\/index.php\/fonctionnement\/","og_site_name":"Association Philat\u00e9lique de Lille-Mons et Environs","article_modified_time":"2025-09-30T09:46:56+00:00","twitter_card":"summary_large_image","twitter_misc":{"Dur\u00e9e de lecture estim\u00e9e":"3 minutes"},"schema":{"@context":"https:\/\/schema.org","@graph":[{"@type":"WebPage","@id":"https:\/\/assphilateliquelilloise.fr\/index.php\/fonctionnement\/","url":"https:\/\/assphilateliquelilloise.fr\/index.php\/fonctionnement\/","name":"Fonctionnement - Association Philat\u00e9lique de Lille-Mons et Environs","isPartOf":{"@id":"https:\/\/assphilateliquelilloise.fr\/#website"},"datePublished":"2018-11-12T08:53:22+00:00","dateModified":"2025-09-30T09:46:56+00:00","breadcrumb":{"@id":"https:\/\/assphilateliquelilloise.fr\/index.php\/fonctionnement\/#breadcrumb"},"inLanguage":"fr-FR","potentialAction":[{"@type":"ReadAction","target":["https:\/\/assphilateliquelilloise.fr\/index.php\/fonctionnement\/"]}]},{"@type":"BreadcrumbList","@id":"https:\/\/assphilateliquelilloise.fr\/index.php\/fonctionnement\/#breadcrumb","itemListElement":[{"@type":"ListItem","position":1,"name":"Accueil","item":"https:\/\/assphilateliquelilloise.fr\/"},{"@type":"ListItem","position":2,"name":"Fonctionnement"}]},{"@type":"WebSite","@id":"https:\/\/assphilateliquelilloise.fr\/#website","url":"https:\/\/assphilateliquelilloise.fr\/","name":"Association Philat\u00e9lique de Lille-Mons et Environs","description":"Site de l&#039;Association Philat\u00e9lique de Lille-Mons et Environs","publisher":{"@id":"https:\/\/assphilateliquelilloise.fr\/#organization"},"potentialAction":[{"@type":"SearchAction","target":{"@type":"EntryPoint","urlTemplate":"https:\/\/assphilateliquelilloise.fr\/?s={search_term_string}"},"query-input":{"@type":"PropertyValueSpecification","valueRequired":true,"valueName":"search_term_string"}}],"inLanguage":"fr-FR"},{"@type":"Organization","@id":"https:\/\/assphilateliquelilloise.fr\/#organization","name":"Association Philat\u00e9lique de Lille-Mons et Environs","url":"https:\/\/assphilateliquelilloise.fr\/","logo":{"@type":"ImageObject","inLanguage":"fr-FR","@id":"https:\/\/assphilateliquelilloise.fr\/#\/schema\/logo\/image\/","url":"https:\/\/assphilateliquelilloise.fr\/wp-content\/uploads\/2024\/04\/Logo_APLME_Internet5.jpg","contentUrl":"https:\/\/assphilateliquelilloise.fr\/wp-content\/uploads\/2024\/04\/Logo_APLME_Internet5.jpg","width":345,"height":162,"caption":"Association Philat\u00e9lique de Lille-Mons et Environs"},"image":{"@id":"https:\/\/assphilateliquelilloise.fr\/#\/schema\/logo\/image\/"}}]}},"jetpack_sharing_enabled":true,"_links":{"self":[{"href":"https:\/\/assphilateliquelilloise.fr\/index.php\/wp-json\/wp\/v2\/pages\/27","targetHints":{"allow":["GET"]}}],"collection":[{"href":"https:\/\/assphilateliquelilloise.fr\/index.php\/wp-json\/wp\/v2\/pages"}],"about":[{"href":"https:\/\/assphilateliquelilloise.fr\/index.php\/wp-json\/wp\/v2\/types\/page"}],"author":[{"embeddable":true,"href":"https:\/\/assphilateliquelilloise.fr\/index.php\/wp-json\/wp\/v2\/users\/2"}],"replies":[{"embeddable":true,"href":"https:\/\/assphilateliquelilloise.fr\/index.php\/wp-json\/wp\/v2\/comments?post=27"}],"version-history":[{"count":27,"href":"https:\/\/assphilateliquelilloise.fr\/index.php\/wp-json\/wp\/v2\/pages\/27\/revisions"}],"predecessor-version":[{"id":4953,"href":"https:\/\/assphilateliquelilloise.fr\/index.php\/wp-json\/wp\/v2\/pages\/27\/revisions\/4953"}],"wp:attachment":[{"href":"https:\/\/assphilateliquelilloise.fr\/index.php\/wp-json\/wp\/v2\/media?parent=27"}],"curies":[{"name":"wp","href":"https:\/\/api.w.org\/{rel}","templated":true}]}}